e -2*q + 5*q - p = 0. What is the greatest common factor of q and 400?
50
Let r be (3/9 + 55/15)*1. Suppose -5*q + 3*y = 2*y - 193, 0 = -r*q - 4*y + 164. Calculate the greatest common factor of q and 3.
3
Suppose -p + 88 = x - 21, -2*x - p = -218. Let s = x - 43. Calculate the greatest common factor of 99 and s.
33
Let y be (-1820)/(-16) - (-1)/4. Suppose 60 = -3*k - b, 0 = k - 6*k + 3*b - y. Let o be ((-2)/3)/(1/k). What is the highest common factor of 112 and o?
14
Suppose -x = 4*t - 5*x - 68, -t + 5 = -4*x. Let f be 6*3*56/t. Suppose -5*w + 2*w = -18. What is the highest common divisor of f and w?
6
Suppose 11*s - 197 = 10*s. Let i = s - 93. Calculate the greatest common factor of 13 and i.
13
Let p = 10 - 6. Let s be (0 + 2/p)*-8. Let j be (8/6 - s)*3. Calculate the highest common divisor of j and 144.
16
Let l = -349 + 358. Calculate the highest common divisor of l and 171.
9
Suppose 70 = 3*d - 2*d. Let o = -39 + d. What is the greatest common divisor of 31 and o?
31
Let b(m) = -19*m + 34. Let j be b(-17). Calculate the highest common divisor of j and 105.
21
Suppose -k - 4*s + 3*s + 55 = 0, -k + 3*s + 55 = 0. Let y be -2*(k/(-10) + 3). What is the greatest common divisor of 45 and y?
5
Let o = -84 - -149. Let p be (-18)/45*65/(-2). What is the greatest common factor of p and o?
13
Let o be ((-341)/(-33) + 5)*30/4. Calculate the greatest common divisor of 15 and o.
5
Suppose 2*v + 3*v - 2*a + 10 = 0, 37 = -3*v - 5*a. Let g be (v/4)/(-1)*2. Suppose g*w - 33 - 1 = 0. Calculate the greatest common factor of 68 and w.
17
Let k(g) = 2*g**2 - 12*g + 18. Let i be k(12). What is the greatest common divisor of 36 and i?
18
Let f be (13 - -8 - 17)/(2/71). What is the greatest common factor of 355 and f?
71
Let s(l) = -8*l + 182. Let c be s(13). Calculate the greatest common divisor of c and 52.
26
Suppose 0 = -2*x - 5*g + 89, -6*g = -2*x - 2*g + 116. What is the highest common factor of x and 806?
26
Let a(w) = -2*w**3 - 3*w**2 + 30*w + 12. Let b be a(-5). What is the greatest common factor of b and 1?
1
Let j(l) = 0*l**2 + 3*l**2 - 4*l**2 + 7*l**3. Suppose -3*v = -4*v + 1. Let h be j(v). Calculate the greatest common divisor of h and 6.
6
Let o be 4 + -5 - (72 - (-6)/(-2)). Let v = o - -96. Suppose -5*n + 516 = -4*z, -3*n + 2*z = -z - 309. Calculate the highest common factor of v and n.
26
Let i(b) = b**3 - 17*b**2 - 19*b + 18. Let n be i(18). Suppose -4*o - 119 = -u, o + 5 = -n*o. What is the greatest common factor of 11 and u?
11
Suppose 0 = -2*p + 2. Let v = 18 - 13. Suppose 5*q - 8 - 3 = 2*h, v*q = -5*h + 60. Calculate the highest common factor of p and h.
1
Let k be 12/18 - (-217)/3. Let l = k + -28. What is the highest common divisor of l and 9?
9
Let p be 14/6 - 8/(-12). Let k = -1 + p. Let h be 23 + -6 + k - -4. Calculate the greatest common divisor of h and 23.
23
Let h(i) = 24*i. Let p be h(1). Let v(k) = 6*k**2 - 10*k - 24. Let o be v(-3). Calculate the greatest common factor of o and p.
12
Suppose 16*j - 40 = 8*j. Suppose -m - 20 = -2*f, 4*f + 0*f = -m + 40. Calculate the highest common factor of j and f.
5
Let x(c) = 3*c**3 + 7*c**2 - 25*c + 4. Let l be x(5). What is the greatest common factor of 33 and l?
33
Let g be (-5)/15 + 1/(3/10). Suppose y = 4*y + 5*k - 95, -k = -g*y + 89. Calculate the greatest common divisor of y and 210.
30
Let m = 48 - 44. Suppose -4*g - 5*u + 5 = m, 0 = 4*g - u - 19. What is the highest common divisor of 2 and g?
2
Let m be 2745/15 - (-3)/((-12)/(-16)). What is the greatest common divisor of 17 and m?
17
Suppose -52 - 23 = 5*m. Let g = 31 + m. What is the greatest common factor of 4 and g?
4
Let j = 6 - 1. Suppose -j*w + 39 + 16 = 0. Let p = -35 + 46. What is the greatest common factor of p and w?
11
Let u = 233 - 153. Suppose -5*r + u = -k, r + 0*k = 3*k + 30. Let l(m) = 7*m**3 + m - 2. Let o be l(1). What is the highest common factor of o and r?
3
Suppose 3*p = p + 350. Suppose 60 - 5 = 2*q - n, 0 = 4*q - 3*n - 115. Calculate the greatest common factor of p and q.
25
Let p be 2 + -1 - (-40 - -31). What is the greatest common factor of p and 425?
5
Let l = 20 - 11. Let g be ((-1)/2)/(11/(-6336)). Suppose g = 7*b - 3*b. What is the highest common factor of b and l?
9
Suppose 5*y - 6*j - 75 = -j, -3*j = 5*y - 51. Calculate the highest common factor of y and 84.
12
Let r be (-5)/2 - 630/(-20). What is the greatest common factor of r and 493?
29
Let y be 1/5 + (-162)/(-15). Let p(i) = i**3 + 11*i**2 - 15*i + 8. Let s be p(-12). Calculate the highest common factor of y and s.
11
Suppose -83*b = -66*b - 731. Calculate the greatest common factor of 1161 and b.
43
Suppose 0*n + 3*n = 21. Let g = 31 + -29. Let q = 51 - g. Calculate the highest common factor of n and q.
7
Suppose -2*k - 360 = -4*v, 4*v = 7*k - 4*k + 360. Calculate the greatest common factor of v and 70.
10
Suppose -17*j + 634 + 1610 = 0. What is the greatest common divisor of j and 300?
12
Suppose -168*x + 6409 + 5452 = 3125. Suppose 2*w - 13 = w. What is the highest common factor of x and w?
13
Let t(i) = 100*i**3 - 17*i + 18. Let h be t(1). What is the greatest common factor of h and 101?
101
Suppose -1 + 4 = k. Let s = -37 + 83. Suppose -27 = -2*r - 3*c, 2*c - c = k*r - s. Calculate the highest common divisor of r and 6.
3
Suppose 5*j + 75 = -5*i, 5*j - 18 = 2*i + 5. Let u = 27 + i. Suppose 3*k + 3*w = 339, -4*k + 4*w + 187 = -297. Calculate the highest common divisor of k and u.
13
Suppose -5840 = -16*p - 1792. Calculate the highest common divisor of p and 207.
23
Let i be ((-40)/(-12))/((-2)/(-6)). Let v = -299 - -304. Calculate the highest common factor of i and v.
5
Suppose 7 + 9 = -4*h, 5*w - 140 = 5*h. Let s = -117 - -198. Let b be s/5 + (0 - 4/20). What is the highest common divisor of b and w?
8
Suppose -4*h + 172 = -4*j, -6*h - 153 = 3*j - h. Let m = j - -47. What is the greatest common divisor of 7 and m?
1
Suppose 3*c - m - 131 = 0, 0 = c - 2*m - 0*m - 37. Let t = c - 68. Let p = t + 53. Calculate the highest common factor of 10 and p.
10
Let o(k) = -2*k**3 + 4*k**2 + 2*k - 2. Let c be o(-2). Let z = 30 + -33. Let u be (-28)/(z - 185/(-65)). Calculate the greatest common divisor of c and u.
26
Suppose -158 - 92 = -t. What is the highest common divisor of t and 10?
10
Suppose 73*w - 74*w + 15 = 0. What is the greatest common factor of 3 and w?
3
Let f = -53 + 38. Let q be 30/4*(36/f)/(-3). What is the highest common divisor of 6 and q?
6
Let v be ((-11)/33)/(1/(-6)). Let q be (-129)/2*v/(-3). Suppose -2*l + 10 = 0, -2*l = 3*f - 3*l - q. What is the greatest common divisor of 144 and f?
16
Let v(u) = 8 - 7*u**2 + 5*u**2 - u**3 - 10*u - 7*u**2 + 0. Let p be v(-8). Let t be 0 + (p - 0/(-2)). What is the highest common divisor of t and 8?
8
Suppose -505 = -8*r + 1543. Calculate the greatest common factor of 96 and r.
32
Let x = 1263 + -558. What is the highest common divisor of x and 30?
15
Suppose -5*q = -5*x - 545, 22 = -2*q + 10*x + 272. Calculate the highest common factor of 35 and q.
35
Let d(r) = -r**2 + 8*r - 8. Let m be d(5). Let y(k) = 0*k - 9*k - 2 + k + m*k. Let z be y(-3). Calculate the highest common factor of z and 2.
1
Let l(h) = 5*h**2 + 13*h - 22. Let u be l(-4). Let n = -80 - -147. Let a be (n + -1)/(1/1). What is the greatest common factor of a and u?
6
Let x = -403 - -419. Suppose 5*p - 296 = 584. Calculate the greatest common divisor of x and p.
16
Let p be (-14104)/(-205) - (-2)/10. What is the highest common factor of p and 115?
23
Suppose k = -4*k - d + 75, -5*k + 4*d + 100 = 0. Let w = -91 + 131. Calculate the greatest common factor of w and k.
8
Suppose 8*d = 5*d + 2*q + 544, -4*q + 752 = 4*d. Calculate the highest common factor of 69 and d.
23
Let n be (-35 + 23)/(3/(-14)). Calculate the greatest common factor of n and 8.
8
Suppose -2*s - 4*c + 116 = 0, -2*s + 10*c = 11*c - 119. What is the highest common divisor of s and 5?
5
Suppose 3*n - 4 = 2*n. Suppose n*m = 2*m + 36. What is the highest common divisor of m and 72?
18
Suppose 2*l + 4*n - 3*n = 36, 0 = -4*l + 3*n + 52. What is the greatest common divisor of l and 344?
8
Let d(o) = -2*o**2 + 17. Let m be d(7). Suppose -2*a + 394 = -0*a - 3*f, 0 = -4*a + 5*f + 784. Let z = m + a. Calculate the greatest common divisor of 22 and z.
22
Let i = -28 + 46. Supp